{"id":1122,"date":"2025-12-20T11:52:18","date_gmt":"2025-12-20T10:52:18","guid":{"rendered":"https:\/\/colscitech.edilf.eu\/?page_id=1122"},"modified":"2025-12-20T15:17:13","modified_gmt":"2025-12-20T14:17:13","slug":"pre-annonce-cisti-3","status":"publish","type":"page","link":"https:\/\/colscitech.edilf.eu\/index.php\/pre-annonce-cisti-3\/","title":{"rendered":"Pre-annonce CISTI-3"},"content":{"rendered":"<div style=\"width: 1080px; height: 1080px; background-color: #ffffff !important; border: 25px solid #4b0082 !important; padding: 20px; font-family: 'Times New Roman', Times, serif !important; position: relative; box-sizing: border-box; text-align: center !important; margin: auto;\">\n<h3 style=\"color: #4b0082 !important; text-transform: uppercase !important; font-size: 32px !important; margin-bottom: 10px !important; letter-spacing: 2px !important; background: none !important;\">Laboratoire chimie analytique, sciences spatiales et \u00e9nerg\u00e9tique (L@capse)<\/h3>\n<p><!-- Zone Titre BLIND\u00c9E : Texte BLANC sur fond VIOLET --><\/p>\n<div style=\"background-color: #4b0082 !important; padding: 40px !important; margin: 20px 0 !important; border-radius: 10px !important;\">\n<h3 style=\"color: #ffffff !important; font-size: 55px !important; line-height: 1.1 !important; margin: 0 !important; font-weight: bold !important; text-transform: uppercase !important; background: none !important; border: none !important;\">3\u00e8me COLLOQUE INTERNATIONAL sur les sciences et l&rsquo;innovation technologique (CISTI)<\/h3>\n<\/div>\n<p style=\"font-size: 40px !important; color: #333333 !important; font-weight: bold !important; margin: 30px 0 !important;\">Du 8 au 10 Janvier 2026,\u00a0Koudougou (BF)\u00a0&amp; en ligne<\/p>\n<div style=\"text-align: left !important; background-color: #f9f9f9 !important; border-left: 10px solid #4b0082 !important; padding: 25px !important; font-size: 30px !important; margin: 30px 0 !important; line-height: 1.4 !important;\"><strong style=\"color: #4b0082 !important;\">AXES :<\/strong> Physique et Chimie, \u00c9nergies et Espace, Maths Appliqu\u00e9es-Informatique et IA, SN et Agronomie, Sciences de l&rsquo;Ing\u00e9nieur.<\/div>\n<div style=\"margin-top: 30px !important;\">\n<p style=\"font-size: 32px !important; color: #4b0082 !important; margin-bottom: 15px !important; font-weight: bold !important;\">S\u00e9lection rigoureuse &amp; Publication du Livre des Actes<\/p>\n<div style=\"display: inline-block !important; background-color: #4b0082 !important; color: #ffffff !important; padding: 15px 40px !important; border-radius: 50px !important; font-weight: bold !important; font-size: 28px !important; border: none !important;\">SOUMISSION AVANT LE 07 JANVIER 2026<\/div>\n<\/div>\n<p><!-- Doigt pointeur vers le bas --><\/p>\n<h1><strong>\ud83d\udc47 Infos &amp; Soumission CI-DESSOUS \ud83d\udc47<\/strong><\/h1>\n<p>&nbsp;<\/p>\n<\/div>\n","protected":false},"excerpt":{"rendered":"<p>Laboratoire chimie analytique, sciences spatiales et \u00e9nerg\u00e9tique (L@capse) 3\u00e8me COLLOQUE INTERNATIONAL sur les sciences et l&rsquo;innovation technologique (CISTI) Du 8 au 10 Janvier 2026,\u00a0Koudougou (BF)\u00a0&amp; en ligne AXES : Physique et Chimie, \u00c9nergies et Espace, Maths Appliqu\u00e9es-Informatique et IA, SN [&#8230;]<\/p>\n","protected":false},"author":1,"featured_media":0,"parent":0,"menu_order":0,"comment_status":"closed","ping_status":"closed","template":"","meta":{"footnotes":""},"class_list":["post-1122","page","type-page","status-publish","hentry"],"_links":{"self":[{"href":"https:\/\/colscitech.edilf.eu\/index.php\/wp-json\/wp\/v2\/pages\/1122","targetHints":{"allow":["GET"]}}],"collection":[{"href":"https:\/\/colscitech.edilf.eu\/index.php\/wp-json\/wp\/v2\/pages"}],"about":[{"href":"https:\/\/colscitech.edilf.eu\/index.php\/wp-json\/wp\/v2\/types\/page"}],"author":[{"embeddable":true,"href":"https:\/\/colscitech.edilf.eu\/index.php\/wp-json\/wp\/v2\/users\/1"}],"replies":[{"embeddable":true,"href":"https:\/\/colscitech.edilf.eu\/index.php\/wp-json\/wp\/v2\/comments?post=1122"}],"version-history":[{"count":12,"href":"https:\/\/colscitech.edilf.eu\/index.php\/wp-json\/wp\/v2\/pages\/1122\/revisions"}],"predecessor-version":[{"id":1134,"href":"https:\/\/colscitech.edilf.eu\/index.php\/wp-json\/wp\/v2\/pages\/1122\/revisions\/1134"}],"wp:attachment":[{"href":"https:\/\/colscitech.edilf.eu\/index.php\/wp-json\/wp\/v2\/media?parent=1122"}],"curies":[{"name":"wp","href":"https:\/\/api.w.org\/{rel}","templated":true}]}}