{"id":1322,"date":"2025-12-26T05:30:30","date_gmt":"2025-12-26T04:30:30","guid":{"rendered":"https:\/\/colscitech.edilf.eu\/?page_id=1322"},"modified":"2025-12-26T05:31:07","modified_gmt":"2025-12-26T04:31:07","slug":"axe-6-autres-thematiques","status":"publish","type":"page","link":"https:\/\/colscitech.edilf.eu\/index.php\/axe-6-autres-thematiques\/","title":{"rendered":"Axe 6 Autres Th\u00e9matiques"},"content":{"rendered":"<div class=\"frm_forms  with_frm_style frm_style_style-formidable\" id=\"frm_form_9_container\" >\n<form enctype=\"multipart\/form-data\" method=\"post\" class=\"frm-show-form  frm_pro_form \" id=\"form_contact-form232222\" >\n<div class=\"frm_form_fields \">\n<fieldset>\n<legend class=\"frm_screen_reader\">Axe 6: Autres Th\u00e9matiques<\/legend>\r\n\r\n<div class=\"frm_fields_container\">\n<input type=\"hidden\" name=\"frm_action\" value=\"create\" \/>\n<input type=\"hidden\" name=\"form_id\" value=\"9\" \/>\n<input type=\"hidden\" name=\"frm_hide_fields_9\" id=\"frm_hide_fields_9\" value=\"\" \/>\n<input type=\"hidden\" name=\"form_key\" value=\"contact-form232222\" \/>\n<input type=\"hidden\" name=\"item_meta[0]\" value=\"\" \/>\n<input type=\"hidden\" id=\"frm_submit_entry_9\" name=\"frm_submit_entry_9\" value=\"a36600a80f\" \/><input type=\"hidden\" name=\"_wp_http_referer\" value=\"\/index.php\/wp-json\/wp\/v2\/pages\/1322\" \/><div id=\"frm_field_55_container\" class=\"frm_form_field form-field  frm_required_field frm_top_container frm_first frm_half\">\r\n\t<label for=\"field_qh4icy433\" id=\"field_qh4icy433_label\" class=\"frm_primary_label\">Nom de famille\r\n\t\t<span class=\"frm_required\" aria-hidden=\"true\">*<\/span>\r\n\t<\/label>\r\n\t<input  type=\"text\" id=\"field_qh4icy433\" name=\"item_meta[55]\" value=\"\"  data-reqmsg=\"Nom de famille ne peut pas \u00eatre vide.\" aria-required=\"true\" data-invmsg=\"Nom de famille est non valide\" aria-invalid=\"false\"   aria-describedby=\"frm_desc_field_qh4icy433\" \/>\r\n\t<div class=\"frm_description\" id=\"frm_desc_field_qh4icy433\">Nom de famille<\/div>\r\n\t\r\n<\/div>\n<div id=\"frm_field_56_container\" class=\"frm_form_field form-field  frm_required_field frm_hidden_container frm_half\">\r\n\t<label for=\"field_ocfup1433\" id=\"field_ocfup1433_label\" class=\"frm_primary_label\">Pr\u00e9nom\r\n\t\t<span class=\"frm_required\" aria-hidden=\"true\">*<\/span>\r\n\t<\/label>\r\n\t<input  type=\"text\" id=\"field_ocfup1433\" name=\"item_meta[56]\" value=\"\"  data-reqmsg=\"Pr\u00e9nom ne peut pas \u00eatre vide.\" aria-required=\"true\" data-invmsg=\"Pr\u00e9nom est non valide\" aria-invalid=\"false\"   aria-describedby=\"frm_desc_field_ocfup1433\" \/>\r\n\t<div class=\"frm_description\" id=\"frm_desc_field_ocfup1433\">Votre Pr\u00e9nom (s)<\/div>\r\n\t\r\n<\/div>\n<div id=\"frm_field_57_container\" class=\"frm_form_field form-field  frm_required_field frm_top_container frm_full\">\r\n\t<label for=\"field_29yf4d433\" id=\"field_29yf4d433_label\" class=\"frm_primary_label\">Email\r\n\t\t<span class=\"frm_required\" aria-hidden=\"true\">*<\/span>\r\n\t<\/label>\r\n\t<input type=\"email\" id=\"field_29yf4d433\" name=\"item_meta[57]\" value=\"\"  data-reqmsg=\"Email ne peut pas \u00eatre vide.\" aria-required=\"true\" data-invmsg=\"Please enter a valid email address\" aria-invalid=\"false\"  \/>\r\n\t\r\n\t\r\n<\/div>\n<div id=\"frm_field_93_container\" class=\"frm_form_field form-field  frm_required_field frm_top_container frm_first frm_half\">\r\n\t<label for=\"field_mt7b7\" id=\"field_mt7b7_label\" class=\"frm_primary_label\">Mot de passe\r\n\t\t<span class=\"frm_required\" aria-hidden=\"true\">*<\/span>\r\n\t<\/label>\r\n\t<span class=\"frm_show_password_wrapper\" style=\"width:100%;\"><input type=\"password\" id=\"field_mt7b7\" name=\"item_meta[93]\" value=\"\"  placeholder=\"Saisissez votre mot de passe\" data-reqmsg=\"Mot de passe ne peut pas \u00eatre vide.\" aria-required=\"true\" data-invmsg=\"Les mots de passe doivent contenir au moins un caract\u00e8re sp\u00e9cial.\" class=\"frm_strength_meter\" aria-invalid=\"false\"  \/><button type=\"button\" class=\"frm_show_password_btn\" title=\"Afficher le mot de passe\" aria-label=\"Afficher le mot de passe\" data-hide-password-label=\"Masquer le mot de passe\"><svg  viewBox=\"0 0 24 24\" class=\"frmsvg\">\n\t<title>eye_icon<\/title>\n\t<path fill=\"currentColor\" fill-rule=\"evenodd\" d=\"M6.3 15.6A17.9 17.9 0 0 1 3.2 12a18 18 0 0 1 3.1-3.6C7.9 7.1 9.8 6 12 6s4.1 1 5.7 2.4c1.5 1.3 2.6 2.8 3.1 3.6a18 18 0 0 1-3.1 3.6C16.1 16.9 14.2 18 12 18s-4.1-1-5.7-2.4ZM12 4a11 11 0 0 0-7 2.9c-1.8 1.5-3 3.2-3.5 4a1.9 1.9 0 0 0 0 2.1c.5.9 1.7 2.6 3.5 4 1.8 1.6 4.2 3 7 3a11 11 0 0 0 7-2.9c1.8-1.5 3-3.2 3.5-4a2 2 0 0 0 0-2.1A19.9 19.9 0 0 0 19 7c-1.8-1.6-4.2-3-7-3Zm-2 8a2 2 0 1 1 4 0 2 2 0 0 1-4 0Zm2-4a4 4 0 1 0 0 8 4 4 0 0 0 0-8Z\" clip-rule=\"evenodd\"\/>\n\n<\/svg><svg  viewBox=\"0 0 24 24\" class=\"frmsvg\">\n\t<title>eye_slash_icon<\/title>\n\t<path fill=\"currentColor\" fill-rule=\"evenodd\" d=\"M19.7 5.7a1 1 0 0 0-1.4-1.4L14 8.6A4 4 0 0 0 8.6 14l-4.3 4.3a1 1 0 1 0 1.4 1.4l4.3-4.2a4 4 0 0 0 5.5-5.5l4.2-4.3Zm-7.2 4.4a2 2 0 0 0-2.4 2.4l2.4-2.4Zm-1 3.8 2.4-2.4a2 2 0 0 1-2.4 2.4Zm4.3-9A9.3 9.3 0 0 0 12 4a11 11 0 0 0-7 2.9c-1.8 1.5-3 3.2-3.5 4a1.9 1.9 0 0 0 0 2.1c.4.7 1.4 2 2.7 3.4L5.6 15a18.3 18.3 0 0 1-2.4-3 18 18 0 0 1 3.1-3.6A9 9 0 0 1 12 6c.8 0 1.5.1 2.2.4l1.6-1.6ZM12 18c-.8 0-1.5-.1-2.2-.4l-1.6 1.6c1.2.5 2.4.8 3.8.8a11 11 0 0 0 7-2.9c1.8-1.5 3-3.2 3.5-4a2 2 0 0 0 0-2.1 20.3 20.3 0 0 0-2.7-3.4L18.4 9a18.3 18.3 0 0 1 2.4 3 18 18 0 0 1-3.1 3.6A9 9 0 0 1 12 18Z\" clip-rule=\"evenodd\"\/>\n\n<\/svg><\/button><\/span><div id=\"frm_password_strength_93\" class=\"frm-password-strength\"><span id=\"frm-pass-eight-char-93\" class=\"frm-pass-req\"><svg  viewBox=\"0 0 20 20\" class=\"frmsvg frm_cancel1_icon failed_svg\">\n\t<title>cancel1<\/title>\n\t<path d=\"M10 0a10 10 0 1 0 0 20 10 10 0 0 0 0-20zm0 18a8 8 0 1 1 0-16 8 8 0 0 1 0 16zm3.6-13L10 8.6 6.4 5 5 6.4 8.6 10 5 13.6 6.4 15l3.6-3.6 3.6 3.6 1.4-1.4-3.6-3.6L15 6.4z\"><\/path>\n<\/svg><svg  viewBox=\"0 0 20 20\" class=\"frmsvg frm_check1_icon passed_svg\">\n\t<title>check1<\/title>\n\t<path d=\"M10 .3a9.7 9.7 0 1 0 0 19.4A9.7 9.7 0 0 0 10 .3zm0 1.9a7.8 7.8 0 1 1 0 15.6 7.8 7.8 0 0 1 0-15.6zm5.5 5l-.9-.8a.5.5 0 0 0-.7 0l-5.5 5.5-2.3-2.4a.5.5 0 0 0-.7 0l-.9.9c-.2.2-.2.5 0 .6l3.6 3.6c.2.2.4.2.6 0L15.5 8c.2-.1.2-.4 0-.6z\"><\/path>\n<\/svg>8 caract\u00e8res minimum<\/span>\r\n<span id=\"frm-pass-lowercase-93\" class=\"frm-pass-req\"><svg  viewBox=\"0 0 20 20\" class=\"frmsvg frm_cancel1_icon failed_svg\">\n\t<title>cancel1<\/title>\n\t<path d=\"M10 0a10 10 0 1 0 0 20 10 10 0 0 0 0-20zm0 18a8 8 0 1 1 0-16 8 8 0 0 1 0 16zm3.6-13L10 8.6 6.4 5 5 6.4 8.6 10 5 13.6 6.4 15l3.6-3.6 3.6 3.6 1.4-1.4-3.6-3.6L15 6.4z\"><\/path>\n<\/svg><svg  viewBox=\"0 0 20 20\" class=\"frmsvg frm_check1_icon passed_svg\">\n\t<title>check1<\/title>\n\t<path d=\"M10 .3a9.7 9.7 0 1 0 0 19.4A9.7 9.7 0 0 0 10 .3zm0 1.9a7.8 7.8 0 1 1 0 15.6 7.8 7.8 0 0 1 0-15.6zm5.5 5l-.9-.8a.5.5 0 0 0-.7 0l-5.5 5.5-2.3-2.4a.5.5 0 0 0-.7 0l-.9.9c-.2.2-.2.5 0 .6l3.6 3.6c.2.2.4.2.6 0L15.5 8c.2-.1.2-.4 0-.6z\"><\/path>\n<\/svg>1 lettre minuscule<\/span>\r\n<span id=\"frm-pass-uppercase-93\" class=\"frm-pass-req\"><svg  viewBox=\"0 0 20 20\" class=\"frmsvg frm_cancel1_icon failed_svg\">\n\t<title>cancel1<\/title>\n\t<path d=\"M10 0a10 10 0 1 0 0 20 10 10 0 0 0 0-20zm0 18a8 8 0 1 1 0-16 8 8 0 0 1 0 16zm3.6-13L10 8.6 6.4 5 5 6.4 8.6 10 5 13.6 6.4 15l3.6-3.6 3.6 3.6 1.4-1.4-3.6-3.6L15 6.4z\"><\/path>\n<\/svg><svg  viewBox=\"0 0 20 20\" class=\"frmsvg frm_check1_icon passed_svg\">\n\t<title>check1<\/title>\n\t<path d=\"M10 .3a9.7 9.7 0 1 0 0 19.4A9.7 9.7 0 0 0 10 .3zm0 1.9a7.8 7.8 0 1 1 0 15.6 7.8 7.8 0 0 1 0-15.6zm5.5 5l-.9-.8a.5.5 0 0 0-.7 0l-5.5 5.5-2.3-2.4a.5.5 0 0 0-.7 0l-.9.9c-.2.2-.2.5 0 .6l3.6 3.6c.2.2.4.2.6 0L15.5 8c.2-.1.2-.4 0-.6z\"><\/path>\n<\/svg>1 lettre majuscule<\/span>\r\n<span id=\"frm-pass-number-93\" class=\"frm-pass-req\"><svg  viewBox=\"0 0 20 20\" class=\"frmsvg frm_cancel1_icon failed_svg\">\n\t<title>cancel1<\/title>\n\t<path d=\"M10 0a10 10 0 1 0 0 20 10 10 0 0 0 0-20zm0 18a8 8 0 1 1 0-16 8 8 0 0 1 0 16zm3.6-13L10 8.6 6.4 5 5 6.4 8.6 10 5 13.6 6.4 15l3.6-3.6 3.6 3.6 1.4-1.4-3.6-3.6L15 6.4z\"><\/path>\n<\/svg><svg  viewBox=\"0 0 20 20\" class=\"frmsvg frm_check1_icon passed_svg\">\n\t<title>check1<\/title>\n\t<path d=\"M10 .3a9.7 9.7 0 1 0 0 19.4A9.7 9.7 0 0 0 10 .3zm0 1.9a7.8 7.8 0 1 1 0 15.6 7.8 7.8 0 0 1 0-15.6zm5.5 5l-.9-.8a.5.5 0 0 0-.7 0l-5.5 5.5-2.3-2.4a.5.5 0 0 0-.7 0l-.9.9c-.2.2-.2.5 0 .6l3.6 3.6c.2.2.4.2.6 0L15.5 8c.2-.1.2-.4 0-.6z\"><\/path>\n<\/svg>1 chiffre<\/span>\r\n<span id=\"frm-pass-special-char-93\" class=\"frm-pass-req\"><svg  viewBox=\"0 0 20 20\" class=\"frmsvg frm_cancel1_icon failed_svg\">\n\t<title>cancel1<\/title>\n\t<path d=\"M10 0a10 10 0 1 0 0 20 10 10 0 0 0 0-20zm0 18a8 8 0 1 1 0-16 8 8 0 0 1 0 16zm3.6-13L10 8.6 6.4 5 5 6.4 8.6 10 5 13.6 6.4 15l3.6-3.6 3.6 3.6 1.4-1.4-3.6-3.6L15 6.4z\"><\/path>\n<\/svg><svg  viewBox=\"0 0 20 20\" class=\"frmsvg frm_check1_icon passed_svg\">\n\t<title>check1<\/title>\n\t<path d=\"M10 .3a9.7 9.7 0 1 0 0 19.4A9.7 9.7 0 0 0 10 .3zm0 1.9a7.8 7.8 0 1 1 0 15.6 7.8 7.8 0 0 1 0-15.6zm5.5 5l-.9-.8a.5.5 0 0 0-.7 0l-5.5 5.5-2.3-2.4a.5.5 0 0 0-.7 0l-.9.9c-.2.2-.2.5 0 .6l3.6 3.6c.2.2.4.2.6 0L15.5 8c.2-.1.2-.4 0-.6z\"><\/path>\n<\/svg>1 caract\u00e8re sp\u00e9cial<\/span>\r\n<\/div>\r\n\t\r\n\t\r\n<\/div>\n<div id=\"frm_field_conf_93_container\" class=\"frm_form_field frm_hidden_container frm_conf_field form-field  frm_required_field frm_top_container  frm6\">\r\n\t<label for=\"field_conf_mt7b7\" id=\"field_conf_mt7b7_label\" class=\"frm_conf_label frm_primary_label\">Valider Mot de passe\r\n\t\t<span class=\"frm_required\" aria-hidden=\"true\">*<\/span>\r\n\t<\/label>\r\n\t<span class=\"frm_show_password_wrapper\" style=\"width:100%;\"><input type=\"password\" id=\"field_conf_mt7b7\" name=\"item_meta[conf_93]\" value=\"\"  placeholder=\"Confirmez le m\u00eame mot de passe\" data-reqmsg=\"Valider Mot de passe ne peut pas \u00eatre vide.\" aria-required=\"true\" data-confmsg=\"Les valeurs saisies ne correspondent pas.\" data-invmsg=\"Les mots de passe doivent contenir au moins un caract\u00e8re sp\u00e9cial.\" class=\"frm_strength_meter\" aria-invalid=\"false\"  \/><button type=\"button\" class=\"frm_show_password_btn\" title=\"Afficher le mot de passe\" aria-label=\"Afficher le mot de passe\" data-hide-password-label=\"Masquer le mot de passe\"><svg  viewBox=\"0 0 24 24\" class=\"frmsvg\">\n\t<title>eye_icon<\/title>\n\t<path fill=\"currentColor\" fill-rule=\"evenodd\" d=\"M6.3 15.6A17.9 17.9 0 0 1 3.2 12a18 18 0 0 1 3.1-3.6C7.9 7.1 9.8 6 12 6s4.1 1 5.7 2.4c1.5 1.3 2.6 2.8 3.1 3.6a18 18 0 0 1-3.1 3.6C16.1 16.9 14.2 18 12 18s-4.1-1-5.7-2.4ZM12 4a11 11 0 0 0-7 2.9c-1.8 1.5-3 3.2-3.5 4a1.9 1.9 0 0 0 0 2.1c.5.9 1.7 2.6 3.5 4 1.8 1.6 4.2 3 7 3a11 11 0 0 0 7-2.9c1.8-1.5 3-3.2 3.5-4a2 2 0 0 0 0-2.1A19.9 19.9 0 0 0 19 7c-1.8-1.6-4.2-3-7-3Zm-2 8a2 2 0 1 1 4 0 2 2 0 0 1-4 0Zm2-4a4 4 0 1 0 0 8 4 4 0 0 0 0-8Z\" clip-rule=\"evenodd\"\/>\n\n<\/svg><svg  viewBox=\"0 0 24 24\" class=\"frmsvg\">\n\t<title>eye_slash_icon<\/title>\n\t<path fill=\"currentColor\" fill-rule=\"evenodd\" d=\"M19.7 5.7a1 1 0 0 0-1.4-1.4L14 8.6A4 4 0 0 0 8.6 14l-4.3 4.3a1 1 0 1 0 1.4 1.4l4.3-4.2a4 4 0 0 0 5.5-5.5l4.2-4.3Zm-7.2 4.4a2 2 0 0 0-2.4 2.4l2.4-2.4Zm-1 3.8 2.4-2.4a2 2 0 0 1-2.4 2.4Zm4.3-9A9.3 9.3 0 0 0 12 4a11 11 0 0 0-7 2.9c-1.8 1.5-3 3.2-3.5 4a1.9 1.9 0 0 0 0 2.1c.4.7 1.4 2 2.7 3.4L5.6 15a18.3 18.3 0 0 1-2.4-3 18 18 0 0 1 3.1-3.6A9 9 0 0 1 12 6c.8 0 1.5.1 2.2.4l1.6-1.6ZM12 18c-.8 0-1.5-.1-2.2-.4l-1.6 1.6c1.2.5 2.4.8 3.8.8a11 11 0 0 0 7-2.9c1.8-1.5 3-3.2 3.5-4a2 2 0 0 0 0-2.1 20.3 20.3 0 0 0-2.7-3.4L18.4 9a18.3 18.3 0 0 1 2.4 3 18 18 0 0 1-3.1 3.6A9 9 0 0 1 12 18Z\" clip-rule=\"evenodd\"\/>\n\n<\/svg><\/button><\/span>\r\n\t\r\n\t\r\n<\/div>\n<div id=\"frm_field_58_container\" class=\"frm_form_field form-field  frm_required_field frm_top_container\">\r\n\t<label for=\"field_736tv333\" id=\"field_736tv333_label\" class=\"frm_primary_label\">Num\u00e9ro WhatsApp (+xxx yyyyyyy)\r\n\t\t<span class=\"frm_required\" aria-hidden=\"true\">*<\/span>\r\n\t<\/label>\r\n\t<input type=\"tel\" id=\"field_736tv333\" name=\"item_meta[58]\" value=\"\"  data-reqmsg=\"Num\u00e9ro WhatsApp (+xxx yyyyyyy) ne peut pas \u00eatre vide.\" aria-required=\"true\" data-invmsg=\"Num\u00e9ro WhatsApp (+xxx yyyyyyy) est non valide\" aria-invalid=\"false\" pattern=\"((\\+\\d{1,3}(-|.| )?\\(?\\d\\)?(-| |.)?\\d{1,5})|(\\(?\\d{2,6}\\)?))(-|.| )?(\\d{3,4})(-|.| )?(\\d{4})(( x| ext)\\d{1,5}){0,1}$\"   aria-describedby=\"frm_desc_field_736tv333\"\/>\r\n\t<div class=\"frm_description\" id=\"frm_desc_field_736tv333\">\u26a0\ufe0f Format obligatoire : + (indicatif pays) (num\u00e9ro). Exemple : +243 812345678<\/div>\r\n\t\r\n<\/div>\n<div id=\"frm_field_86_container\" class=\"frm_form_field form-field  frm_required_field frm_top_container\">\r\n\t<label for=\"field_jngw9\" id=\"field_jngw9_label\" class=\"frm_primary_label\">Pr\u00e9cisez votre th\u00e9matique personnalis\u00e9e\r\n\t\t<span class=\"frm_required\" aria-hidden=\"true\">*<\/span>\r\n\t<\/label>\r\n\t<input  type=\"text\" id=\"field_jngw9\" name=\"item_meta[86]\" value=\"\"  placeholder=\"Veuillez pr\u00e9siser ici la th\u00e9matique demand\u00e9e\" data-reqmsg=\"Pr\u00e9cisez votre th\u00e9matique personnalis\u00e9e ne peut pas \u00eatre vide.\" aria-required=\"true\" data-invmsg=\"Pr\u00e9cisez votre th\u00e9matique personnalis\u00e9e est non valide\" aria-invalid=\"false\"   aria-describedby=\"frm_desc_field_jngw9\" \/>\r\n\t<div class=\"frm_description\" id=\"frm_desc_field_jngw9\">Saisissez ici l&rsquo;intitul\u00e9 exact de votre sujet de recherche ou de communication.<\/div>\r\n\t\r\n<\/div>\n<input type=\"hidden\" name=\"item_meta[59]\" id=\"field_2jqhv333\" value=\"Axe 6 : Autres Th\u00e9matiques\"  data-frmval=\"Axe 6 : Autres Th\u00e9matiques\"   \/>\n<div id=\"frm_field_85_container\" class=\"frm_form_field form-field  frm_required_field frm_top_container\">\r\n\t<label for=\"field_ns8lg\" id=\"field_ns8lg_label\" class=\"frm_primary_label\">\r\n\t\t<span class=\"frm_required\" aria-hidden=\"true\">*<\/span>\r\n\t<\/label>\r\n\t<input  type=\"text\" id=\"field_ns8lg\" name=\"item_meta[85]\" value=\"\"  placeholder=\"Saisissez ici l&#039;intitul\u00e9 exact de votre sujet de recherche\" data-reqmsg=\"Ce champ Veuillez nous indiquer votre sujet pour validation\" aria-required=\"true\" data-invmsg=\"Ce champ est non valide\" aria-invalid=\"false\"   \/>\r\n\t\r\n\t\r\n<\/div>\n<div id=\"frm_field_60_container\" class=\"frm_form_field form-field \">\r\n\t<div class=\"frm_submit frm_flex\">\r\n<button class=\"frm_button_submit frm_final_submit\" type=\"submit\"   formnovalidate=\"formnovalidate\">Envoyer<\/button>\r\n\r\n\r\n\r\n<\/div>\r\n<\/div>\n<input type=\"hidden\" name=\"item_meta[100]\" id=\"field_wk280\" value=\"\" data-frmval=\"\"\/>\n\t<input type=\"hidden\" name=\"item_key\" value=\"\" \/>\n\t\t\t<div id=\"frm_field_210_container\">\n\t\t\t<label for=\"field_lgc4n\" >\n\t\t\t\tSi vous \u00eates un humain, ne remplissez pas ce champ.\t\t\t<\/label>\n\t\t\t<input  id=\"field_lgc4n\" type=\"text\" class=\"frm_form_field form-field frm_verify\" name=\"item_meta[210]\" value=\"\"  \/>\n\t\t<\/div>\n\t\t<input type=\"hidden\" name=\"frm_register[email]\" value=\"57\"\/>\n<input type=\"hidden\" name=\"frm_register[username]\" value=\"-1\"\/>\n<input type=\"hidden\" name=\"frm_register[password]\" value=\"93\"\/>\n<input type=\"hidden\" name=\"frm_register[subsite_title]\" value=\"username\"\/>\n<input type=\"hidden\" name=\"frm_register[subsite_domain]\" value=\"blog_title\"\/>\n<input name=\"frm_state\" type=\"hidden\" value=\"XzwLqCvIZyP7zvxqw+4jRzkd7HrpZJoEQ6m\/FjFfw27iMjXOfphXTJHzYcp7Fa8m\" \/><\/div>\n<\/fieldset>\n<\/div>\n\n<\/form>\n<\/div>\n","protected":false},"excerpt":{"rendered":"","protected":false},"author":1,"featured_media":0,"parent":0,"menu_order":0,"comment_status":"closed","ping_status":"closed","template":"","meta":{"footnotes":""},"class_list":["post-1322","page","type-page","status-publish","hentry"],"_links":{"self":[{"href":"https:\/\/colscitech.edilf.eu\/index.php\/wp-json\/wp\/v2\/pages\/1322","targetHints":{"allow":["GET"]}}],"collection":[{"href":"https:\/\/colscitech.edilf.eu\/index.php\/wp-json\/wp\/v2\/pages"}],"about":[{"href":"https:\/\/colscitech.edilf.eu\/index.php\/wp-json\/wp\/v2\/types\/page"}],"author":[{"embeddable":true,"href":"https:\/\/colscitech.edilf.eu\/index.php\/wp-json\/wp\/v2\/users\/1"}],"replies":[{"embeddable":true,"href":"https:\/\/colscitech.edilf.eu\/index.php\/wp-json\/wp\/v2\/comments?post=1322"}],"version-history":[{"count":3,"href":"https:\/\/colscitech.edilf.eu\/index.php\/wp-json\/wp\/v2\/pages\/1322\/revisions"}],"predecessor-version":[{"id":1590,"href":"https:\/\/colscitech.edilf.eu\/index.php\/wp-json\/wp\/v2\/pages\/1322\/revisions\/1590"}],"wp:attachment":[{"href":"https:\/\/colscitech.edilf.eu\/index.php\/wp-json\/wp\/v2\/media?parent=1322"}],"curies":[{"name":"wp","href":"https:\/\/api.w.org\/{rel}","templated":true}]}}