{"id":3,"date":"2024-12-28T20:09:16","date_gmt":"2024-12-28T19:09:16","guid":{"rendered":"https:\/\/colscitech.edilf.eu\/?page_id=3"},"modified":"2026-02-08T05:23:55","modified_gmt":"2026-02-08T04:23:55","slug":"politique-de-confidentialite","status":"publish","type":"page","link":"https:\/\/colscitech.edilf.eu\/index.php\/politique-de-confidentialite\/","title":{"rendered":"Politique de confidentialit\u00e9"},"content":{"rendered":"\r\n<h2 class=\"wp-block-heading\">Qui sommes-nous et que collectons nous ?<\/h2>\r\n\r\n\r\n\r\n<p><strong>Laboratoire de Chimie Analytique, Physique Spatiales et \u00c9nerg\u00e9tique (L@CAPSE)<\/strong><\/p>\r\n<p>Universit\u00e9 Norbert ZONGO, BP 376, T\u00e9l: +226 25440085,\u00a0 Koudougou\/ Burkina Faso<\/p>\r\n<p>L\u2019adresse de notre site est\u00a0: https:\/\/colscitech.edilf.eu.<\/p>\r\n\r\n\r\n\r\n<p><strong class=\"Yjhzub\" data-complete=\"true\">Collecte de donn\u00e9es via Meta (Facebook) et MailPoet :<\/strong><br data-serialized-params=\"[]\" data-complete=\"true\" \/>Dans le cadre de l&rsquo;organisation du CISTI, nous collectons les donn\u00e9es des participants (Nom, Pr\u00e9nom, Email, Pays) via des formulaires instantan\u00e9s Facebook. Ces donn\u00e9es sont transmises de mani\u00e8re s\u00e9curis\u00e9e via API vers notre serveur souverain (Ubuntu 24.04 LTS) situ\u00e9 en Europe. Elles sont e<strong>xclusivement utilis\u00e9es par le Laboratoire<\/strong> <strong>L@CAPSE<\/strong> pour la gestion des inscriptions, l&rsquo;envoi des modalit\u00e9s de soumission via MailPoet et le suivi acad\u00e9mique du colloque. <strong>Aucune donn\u00e9e n&rsquo;est c\u00e9d\u00e9e \u00e0 des tiers<\/strong>.<\/p>\r\n\r\n\r\n\r\n<h2 class=\"wp-block-heading\">Cookies<\/h2>\r\n\r\n\r\n\r\n<p>Si vous connectes \u00e0 la <strong>plateforme en ligne sur notre site<\/strong>,\u00a0 un cookie temporaire sera cr\u00e9\u00e9 afin de d\u00e9terminer si votre navigateur accepte les cookies. Il ne contient pas de donn\u00e9es personnelles et sera supprim\u00e9 automatiquement \u00e0 la fermeture de votre navigateur.<\/p>\r\n\r\n\r\n\r\n\r\n\r\n<p>Lorsque vous vous connecterez, nous mettrons en place un certain nombre de cookies pour enregistrer vos informations de connexion et vos pr\u00e9f\u00e9rences d\u2019\u00e9cran. La dur\u00e9e de vie d\u2019un cookie de connexion est de deux jours, celle d\u2019un cookie d\u2019option d\u2019\u00e9cran est d\u2019un an. Si vous cochez \u00ab\u00a0Se souvenir de moi\u00a0\u00bb, votre cookie de connexion sera conserv\u00e9 pendant deux semaines. Si vous vous d\u00e9connectez de votre compte, le cookie de connexion sera effac\u00e9.<\/p>\r\n\r\n\r\n\r\n\r\n\r\n<h2 class=\"wp-block-heading\">Utilisation et transmission de vos donn\u00e9es personnelles<\/h2>\r\n\r\n\r\n\r\n<p>Si vous demandez une r\u00e9initialisation de votre mot de passe, votre adresse IP sera incluse dans l\u2019e-mail de r\u00e9initialisation.<\/p>\r\n\r\n\r\n\r\n<h2 class=\"wp-block-heading\">Dur\u00e9es de stockage de vos donn\u00e9es<\/h2>\r\n\r\n\r\n\r\n\r\n\r\n<p>Pour les comptes qui s\u2019inscrivent sur notre site, nous stockons \u00e9galement les donn\u00e9es personnelles indiqu\u00e9es dans leur profil. Tous les comptes peuvent voir, modifier ou supprimer leurs informations personnelles \u00e0 tout moment (\u00e0 l\u2019exception de leur identifiant). Les gestionnaires du site peuvent aussi voir et modifier ces informations.<\/p>\r\n\r\n\r\n\r\n<h2 class=\"wp-block-heading\">Les droits que vous avez sur vos donn\u00e9es<\/h2>\r\n\r\n\r\n\r\n<p>Si vous avez un compte sur le site, vous pouvez demander \u00e0 recevoir un fichier contenant toutes les donn\u00e9es personnelles que nous poss\u00e9dons \u00e0 votre sujet, incluant celles que vous nous avez fournies. Vous pouvez \u00e9galement demander la suppression des donn\u00e9es personnelles vous concernant. Cela ne prend pas en compte les donn\u00e9es stock\u00e9es \u00e0 des fins administratives, l\u00e9gales ou pour des raisons de s\u00e9curit\u00e9.<\/p>\r\n\r\n\r\n\r\n<h2 class=\"wp-block-heading\">O\u00f9 vos donn\u00e9es sont envoy\u00e9es<\/h2>\r\n\r\n\r\n\r\n<p>Vos donn\u00e9s sont stock\u00e9s sur des serveurs situ\u00e9s en France et en Allemagne.<\/p>\r\n\r\n<p>&nbsp;<\/p>","protected":false},"excerpt":{"rendered":"<p>Qui sommes-nous et que collectons nous ? Laboratoire de Chimie Analytique, Physique Spatiales et \u00c9nerg\u00e9tique (L@CAPSE) Universit\u00e9 Norbert ZONGO, BP 376, T\u00e9l: +226 25440085,\u00a0 Koudougou\/ Burkina Faso L\u2019adresse de notre site est\u00a0: https:\/\/colscitech.edilf.eu. Collecte de donn\u00e9es via Meta (Facebook) et [&#8230;]<\/p>\n","protected":false},"author":1,"featured_media":0,"parent":0,"menu_order":0,"comment_status":"closed","ping_status":"open","template":"","meta":{"footnotes":""},"class_list":["post-3","page","type-page","status-publish","hentry"],"_links":{"self":[{"href":"https:\/\/colscitech.edilf.eu\/index.php\/wp-json\/wp\/v2\/pages\/3","targetHints":{"allow":["GET"]}}],"collection":[{"href":"https:\/\/colscitech.edilf.eu\/index.php\/wp-json\/wp\/v2\/pages"}],"about":[{"href":"https:\/\/colscitech.edilf.eu\/index.php\/wp-json\/wp\/v2\/types\/page"}],"author":[{"embeddable":true,"href":"https:\/\/colscitech.edilf.eu\/index.php\/wp-json\/wp\/v2\/users\/1"}],"replies":[{"embeddable":true,"href":"https:\/\/colscitech.edilf.eu\/index.php\/wp-json\/wp\/v2\/comments?post=3"}],"version-history":[{"count":1,"href":"https:\/\/colscitech.edilf.eu\/index.php\/wp-json\/wp\/v2\/pages\/3\/revisions"}],"predecessor-version":[{"id":1627,"href":"https:\/\/colscitech.edilf.eu\/index.php\/wp-json\/wp\/v2\/pages\/3\/revisions\/1627"}],"wp:attachment":[{"href":"https:\/\/colscitech.edilf.eu\/index.php\/wp-json\/wp\/v2\/media?parent=3"}],"curies":[{"name":"wp","href":"https:\/\/api.w.org\/{rel}","templated":true}]}}