{"id":715,"date":"2025-05-21T00:49:33","date_gmt":"2025-05-20T22:49:33","guid":{"rendered":"https:\/\/colscitech.edilf.eu\/?page_id=715"},"modified":"2026-01-19T14:43:22","modified_gmt":"2026-01-19T13:43:22","slug":"conseil-scientifique-edition2","status":"publish","type":"page","link":"https:\/\/colscitech.edilf.eu\/index.php\/conseil-scientifique-edition2\/","title":{"rendered":"Comit\u00e9 Scientifique Edition2"},"content":{"rendered":"\t\t<div data-elementor-type=\"wp-page\" data-elementor-id=\"715\" class=\"elementor elementor-715\">\n\t\t\t\t<div class=\"elementor-element elementor-element-4b4dc033 e-flex e-con-boxed e-con e-parent\" data-id=\"4b4dc033\" data-element_type=\"container\">\n\t\t\t\t\t<div class=\"e-con-inner\">\n\t\t\t\t<div class=\"elementor-element elementor-element-706f06e1 elementor-widget elementor-widget-text-editor\" data-id=\"706f06e1\" data-element_type=\"widget\" data-widget_type=\"text-editor.default\">\n\t\t\t\t<div class=\"elementor-widget-container\">\n\t\t\t\t\t\t\t\t\t<p>Le Comit\u00e9 Scientifique, garant de la qualit\u00e9 des travaux pr\u00e9sent\u00e9s lors des colloques est uniquement compos\u00e9 des enseignants et chercheurs de rang A, sp\u00e9cialistes de leurs domaines.<\/p><p>Ce Comit\u00e9 est charg\u00e9 de superviser l&rsquo;atelier dans le respect des r\u00e8gles de transparence et de rigueur scientifique. Il est constitu\u00e9 du:<\/p><p>a) Comit\u00e9 de conception et de r\u00e9alisation du colloque;<\/p><p>b) Comit\u00e9 international de lecture des r\u00e9sum\u00e9s;<\/p><p>c) Comit\u00e9 d&rsquo;\u00e9valuation et validation des pr\u00e9sentations orales.<\/p><p>Pour rejoindre le <strong>Comit\u00e9 Scientifique<\/strong>, vous devez \u00eatre soit:<\/p><ul><li><strong>Ma\u00eetre de Conf\u00e9rence\/Ma\u00eetre de Recherche,<\/strong><\/li><li><strong>Professeur Titulaire\/Directeur de Recherche.<\/strong><\/li><\/ul>\t\t\t\t\t\t\t\t<\/div>\n\t\t\t\t<\/div>\n\t\t\t\t\t<\/div>\n\t\t\t\t<\/div>\n\t\t<div class=\"elementor-element elementor-element-3219653 e-flex e-con-boxed e-con e-parent\" data-id=\"3219653\" data-element_type=\"container\">\n\t\t\t\t\t<div class=\"e-con-inner\">\n\t\t\t\t<div class=\"elementor-element elementor-element-4f8eeeb e-n-tabs-mobile elementor-widget elementor-widget-n-tabs\" data-id=\"4f8eeeb\" data-element_type=\"widget\" data-settings=\"{&quot;horizontal_scroll&quot;:&quot;disable&quot;}\" data-widget_type=\"nested-tabs.default\">\n\t\t\t\t<div class=\"elementor-widget-container\">\n\t\t\t\t\t\t\t<div class=\"e-n-tabs\" data-widget-number=\"83422955\" aria-label=\"Onglets. Ouvrez des \u00e9l\u00e9ments avec Entrer ou Espace, fermez-les avec Echape et naviguez \u00e0 l&#039;aide des touches fl\u00e9ch\u00e9es.\">\n\t\t\t<div class=\"e-n-tabs-heading\" role=\"tablist\">\n\t\t\t\t\t<button id=\"e-n-tab-title-834229551\" data-tab-title-id=\"e-n-tab-title-834229551\" class=\"e-n-tab-title\" aria-selected=\"true\" data-tab-index=\"1\" role=\"tab\" tabindex=\"0\" aria-controls=\"e-n-tab-content-834229551\" style=\"--n-tabs-title-order: 1;\">\n\t\t\t\t\t\t<span class=\"e-n-tab-title-text\">\n\t\t\t\tAxes 1 et 2: Sciences Spatiales &amp; Energies Renouv et Sciences Connexes\t\t\t<\/span>\n\t\t<\/button>\n\t\t\t\t<button id=\"e-n-tab-title-834229552\" data-tab-title-id=\"e-n-tab-title-834229552\" class=\"e-n-tab-title\" aria-selected=\"false\" data-tab-index=\"2\" role=\"tab\" tabindex=\"-1\" aria-controls=\"e-n-tab-content-834229552\" style=\"--n-tabs-title-order: 2;\">\n\t\t\t\t\t\t<span class=\"e-n-tab-title-text\">\n\t\t\t\tAxe 3: Math\u00e9matiques Appliqu\u00e9es et Informatique\t\t\t<\/span>\n\t\t<\/button>\n\t\t\t\t<button id=\"e-n-tab-title-834229553\" data-tab-title-id=\"e-n-tab-title-834229553\" class=\"e-n-tab-title\" aria-selected=\"false\" data-tab-index=\"3\" role=\"tab\" tabindex=\"-1\" aria-controls=\"e-n-tab-content-834229553\" style=\"--n-tabs-title-order: 3;\">\n\t\t\t\t\t\t<span class=\"e-n-tab-title-text\">\n\t\t\t\tAxes 4 et 5: Sciences de l'Ing\u00e9nieur et Physique-Chimie\t\t\t<\/span>\n\t\t<\/button>\n\t\t\t\t\t<\/div>\n\t\t\t<div class=\"e-n-tabs-content\">\n\t\t\t\t<div id=\"e-n-tab-content-834229551\" role=\"tabpanel\" aria-labelledby=\"e-n-tab-title-834229551\" data-tab-index=\"1\" style=\"--n-tabs-title-order: 1;\" class=\"e-active elementor-element elementor-element-263be0c e-con-full e-flex e-con e-child\" data-id=\"263be0c\" data-element_type=\"container\">\n\t\t<div class=\"elementor-element elementor-element-164b9d6 e-flex e-con-boxed e-con e-child\" data-id=\"164b9d6\" data-element_type=\"container\">\n\t\t\t\t\t<div class=\"e-con-inner\">\n\t\t\t\t<div class=\"elementor-element elementor-element-250936f elementor-widget elementor-widget-text-editor\" data-id=\"250936f\" data-element_type=\"widget\" data-widget_type=\"text-editor.default\">\n\t\t\t\t<div class=\"elementor-widget-container\">\n\t\t\t\t\t\t\t\t\t<p><strong>Pr\u00e9sident\u00a0<\/strong>:<\/p><ul><li>Pr Fr\u00e9d\u00e9ric OUATTARA, Universit\u00e9 Norbert ZONGO, Burkina Faso.<\/li><\/ul><p><strong>Membres\u00a0<\/strong>:<\/p><ol><li>Pr Betaboale NAON, Universit\u00e9 Nazi BONI, Burkina Faso<\/li><li>Pr Bila G\u00e9rard SEGDA, Universit\u00e9 Joseph KI-ZERBO, Burkina Faso<\/li><li>Pr Fernand KOUAME KOFFI, U<span class=\"sui-description\">niversit\u00e9 Virtuelle de C\u00f4te d&rsquo;Ivoire, C\u00f4te d&rsquo;Ivoire<\/span><\/li><li>Pr Fran\u00e7ois ZOUGMORE, <span class=\"sui-description\">Centre International \u00c9nergie Eau Environnement et Changement Climatique<\/span>, Burkina Faso<\/li><li>Dr <span class=\"sui-description\">Ahmed Amara <\/span><span class=\"sui-description\">KONATE, Maitre de Conf\u00e9rences, <\/span><span class=\"sui-description\">Institut Sup\u00e9rieur des Mines et G\u00e9ologie de Bok\u00e9, Guin\u00e9e<\/span><\/li><li><span class=\"sui-description\">Bawindsom Marcel <\/span><span class=\"sui-description\">KEBRE,<\/span> Ma\u00eetre de Conf\u00e9rences, <span class=\"sui-description\">Universit\u00e9 Joseph KI-ZERBO, Burkina Faso<\/span><span class=\"sui-description\"><br \/><\/span><\/li><li><div class=\"sui-box-settings-slim-row sui-sm\"><div class=\"sui-box-settings-col-2\"><span class=\"sui-description\">Dominique BONKOUNGOU,Maitre de Conf\u00e9rences, Universit\u00e9 Thomas SANKARA, Burkina Faso<\/span><\/div><\/div><\/li><li>Dr Eloi TIENDREBEOGO, Ma\u00eetre de Conf\u00e9rences, Ecole Normale Sup\u00e9rieure, Burkina Faso<\/li><li><div><span class=\"sui-description\">Dr Fransisco KONAN, Ma\u00eetre de Conf\u00e9rences, Ecole Normale Sup\u00e9rieure (ENS) Abidjan, C\u00f4te d\u2019Ivoire<\/span><\/div><\/li><li>Dr <span class=\"sui-description\">Guy Clarence <\/span><span class=\"sui-description\">SEMASSOU, Ma\u00eetre de Conf\u00e9rences, <\/span><span class=\"sui-description\">Universit\u00e9 d\u2019Abomey-Calavi, <\/span><span class=\"sui-description\">B\u00e9nin<\/span><\/li><li>Dr <span class=\"sui-description\">Hod\u00e9v\u00e8wan Cl\u00e9ment <\/span><span class=\"sui-description\">MIWADINOU, Ma\u00eetre de Conf\u00e9rences, <\/span><span class=\"sui-description\">Universit\u00e9 Nationale des Sciences, Technologies, Ing\u00e9nierie et Math\u00e9matiques, <\/span><span class=\"sui-description\">B\u00e9nin<\/span><\/li><li>Dr <span class=\"sui-description\">Ibrahim<\/span> LY, Maitre de Conf\u00e9rences, Universit\u00e9 Joseph KI-ZERBO, Burkina Faso<\/li><li>Dr Justin ZAIDA, Ma\u00eetre de Conf\u00e9rences, Ecole Polytechnique de Ouagadougou, Burkina Faso<\/li><li>Dr <span class=\"sui-description\">Mahamadou<\/span> <span class=\"sui-description\">ABDOU TANKARI<\/span>, Ma\u00eetre de Conf\u00e9rences, <span class=\"sui-description\">Universit\u00e9 Paris-Est Cr\u00e9teil (UPEC)<\/span>, France<\/li><li>Dr <span class=\"sui-description\">Mahamat ADOUM ABDRAMAN, Ma\u00eetre de Conf\u00e9rences, <\/span><span class=\"sui-description\">Universit\u00e9 de N&rsquo;djamena, <\/span><span class=\"sui-description\">Tchad<\/span><\/li><li>Dr <span class=\"sui-description\">Mathias<\/span> MOUSSE LOGBO, Ma\u00eetre de cinf\u00e9rences, <span class=\"sui-description\">Universit\u00e9 Nangui ABROGOUA, C\u00f4te d&rsquo;Ivoire<\/span><\/li><li><span class=\"sui-description\">Dr Mathieu\u00a0 WANGSO, Lecturer (Associate Professor), Universit\u00e9 de Ngaoundere, Institut Universitaire de technologie de Ngaoundere, Cameroun<br \/><\/span><\/li><li>Dr Moumini K\u00c9R\u00c9, Maitre de Conf\u00e9rences, Ecole Normale Sup\u00e9rieure, Burkina Faso<\/li><li>Dr <span class=\"sui-description\">Rachidi Ad\u00e9niyi Akambi YESSOUFOU, Maitre de Conf\u00e9rences, U<\/span><span class=\"sui-description\">niversit\u00e9 d&rsquo;Abomey Calavi, B\u00e9nin<\/span><\/li><li>Dr Suh FRU, <span class=\"sui-description\">Lecturer (Associate Professor)<\/span>, University of Buea, Cameroon<\/li><li>Dr <span class=\"sui-description\">Takele Ferede Agajie, Lecturer (Associate Professor), Debre Markos University,\u00a0 Ethiopia<\/span><\/li><li><div class=\"sui-box-settings-col-2\"><span class=\"sui-description\">Dr Wendpanga Jacob YOUGBARE, Maitre de Conf\u00e9rences, Universit\u00e9 Norbert ZONGO, Burkina Faso<\/span><\/div><\/li><li>Y\u00e9logniss\u00e8 Casimir DA-ALLADA, <span class=\"sui-description\">Maitre de Conf\u00e9rences<\/span>, <span class=\"sui-description\">Universit\u00e9 Nationale des Sciences Technologies, Ing\u00e9nierie et Math\u00e9matiques (UNSTIM) d&rsquo;Abomey<\/span>, B\u00e9nin<\/li><\/ol><p>\u00a0<\/p>\t\t\t\t\t\t\t\t<\/div>\n\t\t\t\t<\/div>\n\t\t\t\t\t<\/div>\n\t\t\t\t<\/div>\n\t\t\t\t<\/div>\n\t\t<div id=\"e-n-tab-content-834229552\" role=\"tabpanel\" aria-labelledby=\"e-n-tab-title-834229552\" data-tab-index=\"2\" style=\"--n-tabs-title-order: 2;\" class=\" elementor-element elementor-element-2a093c7 e-con-full e-flex e-con e-child\" data-id=\"2a093c7\" data-element_type=\"container\">\n\t\t<div class=\"elementor-element elementor-element-390d41a e-flex e-con-boxed e-con e-child\" data-id=\"390d41a\" data-element_type=\"container\">\n\t\t\t\t\t<div class=\"e-con-inner\">\n\t\t\t\t<div class=\"elementor-element elementor-element-256757f elementor-widget elementor-widget-text-editor\" data-id=\"256757f\" data-element_type=\"widget\" data-widget_type=\"text-editor.default\">\n\t\t\t\t<div class=\"elementor-widget-container\">\n\t\t\t\t\t\t\t\t\t<p><strong>Pr\u00e9sident\u00a0<\/strong>:<\/p><ul><li>Pr Fr\u00e9d\u00e9ric OUATTARA, Universit\u00e9 Norbert ZONGO, Burkina Faso.<\/li><\/ul><p><strong>Membres\u00a0<\/strong>:<\/p><ol><li>Pr\u00a0 Andr\u00e9 CONSEIBO, Universit\u00e9 Norbert ZONGO, Burkina Faso<\/li><li>Pr Ladji KANE, Universit\u00e9 des Sciences Sociales et de Gestion de Bamako USSGB\/FSEG<em>, <\/em>Mali<\/li><li>Dr <span class=\"sui-description\">Boureima<\/span> BAMADIO<\/li><li><span class=\"sui-description\">Fourtoua<\/span> <span class=\"sui-description\">Victorien KONANE, <\/span> Maitre de Conf\u00e9rences, Universit\u00e9 Joseph KI-ZERBO, Burkina Faso<\/li><li><div class=\"sui-box-settings-slim-row sui-sm\"><div class=\"sui-box-settings-col-2\"><span class=\"sui-description\">Dr Franck Davis Regis LANGA, Ma\u00eetre de Conf\u00e9rences, Universut\u00e9 Marien Ngouabi, Congo-Brazzaville<\/span><\/div><\/div><\/li><li>Dr <span class=\"sui-description\">Ibrahim<\/span> LY, Maitre de Conf\u00e9rences, Universit\u00e9 Joseph KI-ZERBO, Burkina Faso<span class=\"sui-description\"><br \/><\/span><\/li><li>Dr Moumini K\u00c9R\u00c9, Maitre de Conf\u00e9rences, Ecole Normale Sup\u00e9rieure, Burkina Faso<\/li><li><div class=\"sui-box-settings-col-2\"><span class=\"sui-description\">Dr Wendpanga Jacob YOUGBARE, Maitre de Conf\u00e9rences, Universit\u00e9 Norbert ZONGO, Burkina Faso<\/span><\/div><\/li><\/ol>\t\t\t\t\t\t\t\t<\/div>\n\t\t\t\t<\/div>\n\t\t\t\t\t<\/div>\n\t\t\t\t<\/div>\n\t\t\t\t<\/div>\n\t\t<div id=\"e-n-tab-content-834229553\" role=\"tabpanel\" aria-labelledby=\"e-n-tab-title-834229553\" data-tab-index=\"3\" style=\"--n-tabs-title-order: 3;\" class=\" elementor-element elementor-element-a5ce27b e-con-full e-flex e-con e-child\" data-id=\"a5ce27b\" data-element_type=\"container\">\n\t\t<div class=\"elementor-element elementor-element-e2d4b3c e-flex e-con-boxed e-con e-child\" data-id=\"e2d4b3c\" data-element_type=\"container\">\n\t\t\t\t\t<div class=\"e-con-inner\">\n\t\t\t\t<div class=\"elementor-element elementor-element-6aa2a56 elementor-widget elementor-widget-text-editor\" data-id=\"6aa2a56\" data-element_type=\"widget\" data-widget_type=\"text-editor.default\">\n\t\t\t\t<div class=\"elementor-widget-container\">\n\t\t\t\t\t\t\t\t\t<p><strong>Pr\u00e9sident\u00a0<\/strong>:<\/p><ul><li>Pr Fr\u00e9d\u00e9ric OUATTARA, Universit\u00e9 Norbert ZONGO, Burkina Faso.<\/li><\/ul><p><strong>Membres\u00a0<\/strong>:<\/p><ol><li>Pr Bila G\u00e9rard SEGDA, Universit\u00e9 Joseph KI-ZERBO, Burkina Faso<\/li><li>Pr Fran\u00e7ois ZOUGMORE, <span class=\"sui-description\">Centre International \u00c9nergie Eau Environnement et Changement Climatique<\/span>, Burkina Faso<\/li><li>Dr <span class=\"sui-description\">Ahmed Amara <\/span><span class=\"sui-description\">KONATE, Maitre de Conf\u00e9rences, <\/span><span class=\"sui-description\">Institut Sup\u00e9rieur des Mines et G\u00e9ologie de Bok\u00e9, Guin\u00e9e<\/span><\/li><li><span class=\"sui-description\">Bawindsom Marcel <\/span><span class=\"sui-description\">KEBRE,<\/span> Ma\u00eetre de Conf\u00e9rences, <span class=\"sui-description\">Universit\u00e9 Joseph KI-ZERBO, Burkina Faso<\/span><span class=\"sui-description\"><br \/><\/span><\/li><li><div class=\"sui-box-settings-slim-row sui-sm\"><div class=\"sui-box-settings-col-2\"><span class=\"sui-description\">Dominique BONKOUNGOU,Maitre de Conf\u00e9rences, Universit\u00e9 Thomas SANKARA, Burkina Faso<\/span><\/div><\/div><\/li><li>Dr Eloi TIENDREBEOGO, Ma\u00eetre de Conf\u00e9rences, Ecole Normale Sup\u00e9rieure, Burkina Faso<\/li><li><div><span class=\"sui-description\">Dr Fransisco KONAN, Ma\u00eetre de Conf\u00e9rences, Ecole Normale Sup\u00e9rieure (ENS) Abidjan, C\u00f4te d\u2019Ivoire<\/span><\/div><\/li><li>Dr <span class=\"sui-description\">Guy Clarence <\/span><span class=\"sui-description\">SEMASSOU, Ma\u00eetre de Conf\u00e9rences, <\/span><span class=\"sui-description\">Universit\u00e9 d\u2019Abomey-Calavi, <\/span><span class=\"sui-description\">B\u00e9nin<\/span><\/li><li>Dr <span class=\"sui-description\">Hod\u00e9v\u00e8wan Cl\u00e9ment <\/span><span class=\"sui-description\">MIWADINOU, Ma\u00eetre de Conf\u00e9rences, <\/span><span class=\"sui-description\">Universit\u00e9 Nationale des Sciences, Technologies, Ing\u00e9nierie et Math\u00e9matiques, <\/span><span class=\"sui-description\">B\u00e9nin<\/span><\/li><li>Dr Justin ZAIDA, Ma\u00eetre de Conf\u00e9rences, Ecole Polytechnique de Ouagadougou, Burkina Faso<\/li><li>Dr <span class=\"sui-description\">Mahamadou<\/span> <span class=\"sui-description\">ABDOU TANKARI<\/span>, Ma\u00eetre de Conf\u00e9rences, <span class=\"sui-description\">Universit\u00e9 Paris-Est Cr\u00e9teil (UPEC)<\/span>, France<\/li><li>Dr <span class=\"sui-description\">Mahamat ADOUM ABDRAMAN, Ma\u00eetre de Conf\u00e9rences, <\/span><span class=\"sui-description\">Universit\u00e9 de N&rsquo;djamena, <\/span><span class=\"sui-description\">Tchad<\/span><\/li><li>Dr <span class=\"sui-description\">Mathias<\/span> MOUSSE LOGBO, Ma\u00eetre de cinf\u00e9rences, <span class=\"sui-description\">Universit\u00e9 Nangui ABROGOUA, C\u00f4te d&rsquo;Ivoire<\/span><\/li><li><span class=\"sui-description\">Dr Mathieu\u00a0 WANGSO, Lecturer (Associate Professor), Universit\u00e9 de Ngaoundere, Institut Universitaire de technologie de Ngaoundere, Cameroun<\/span><\/li><li>Dr <span class=\"sui-description\">Rachidi Ad\u00e9niyi Akambi YESSOUFOU, Maitre de Conf\u00e9rences, U<\/span><span class=\"sui-description\">niversit\u00e9 d&rsquo;Abomey Calavi, B\u00e9nin<\/span><\/li><li>Dr Suh FRU, <span class=\"sui-description\">Lecturer (Associate Professor)<\/span>, University of Buea, Cameroon<\/li><li>Dr <span class=\"sui-description\">Takele Ferede Agajie, Lecturer (Associate Professor), Debre Markos University,\u00a0 Ethiopia<\/span><\/li><li>Y\u00e9logniss\u00e8 Casimir DA-ALLADA, <span class=\"sui-description\">Maitre de Conf\u00e9rences<\/span>, <span class=\"sui-description\">Universit\u00e9 Nationale des Sciences Technologies, Ing\u00e9nierie et Math\u00e9matiques (UNSTIM) d&rsquo;Abomey<\/span>, B\u00e9nin<\/li><\/ol>\t\t\t\t\t\t\t\t<\/div>\n\t\t\t\t<\/div>\n\t\t\t\t\t<\/div>\n\t\t\t\t<\/div>\n\t\t\t\t<\/div>\n\t\t\t\t\t<\/div>\n\t\t<\/div>\n\t\t\t\t\t\t<\/div>\n\t\t\t\t<\/div>\n\t\t\t\t\t<\/div>\n\t\t\t\t<\/div>\n\t\t\t\t<\/div>\n\t\t","protected":false},"excerpt":{"rendered":"<p>Le Comit\u00e9 Scientifique, garant de la qualit\u00e9 des travaux pr\u00e9sent\u00e9s lors des colloques est uniquement compos\u00e9 des enseignants et chercheurs de rang A, sp\u00e9cialistes de leurs domaines. Ce Comit\u00e9 est charg\u00e9 de superviser l&rsquo;atelier dans le respect des r\u00e8gles de [&#8230;]<\/p>\n","protected":false},"author":1,"featured_media":0,"parent":0,"menu_order":0,"comment_status":"closed","ping_status":"closed","template":"","meta":{"footnotes":""},"class_list":["post-715","page","type-page","status-publish","hentry"],"_links":{"self":[{"href":"https:\/\/colscitech.edilf.eu\/index.php\/wp-json\/wp\/v2\/pages\/715","targetHints":{"allow":["GET"]}}],"collection":[{"href":"https:\/\/colscitech.edilf.eu\/index.php\/wp-json\/wp\/v2\/pages"}],"about":[{"href":"https:\/\/colscitech.edilf.eu\/index.php\/wp-json\/wp\/v2\/types\/page"}],"author":[{"embeddable":true,"href":"https:\/\/colscitech.edilf.eu\/index.php\/wp-json\/wp\/v2\/users\/1"}],"replies":[{"embeddable":true,"href":"https:\/\/colscitech.edilf.eu\/index.php\/wp-json\/wp\/v2\/comments?post=715"}],"version-history":[{"count":121,"href":"https:\/\/colscitech.edilf.eu\/index.php\/wp-json\/wp\/v2\/pages\/715\/revisions"}],"predecessor-version":[{"id":1613,"href":"https:\/\/colscitech.edilf.eu\/index.php\/wp-json\/wp\/v2\/pages\/715\/revisions\/1613"}],"wp:attachment":[{"href":"https:\/\/colscitech.edilf.eu\/index.php\/wp-json\/wp\/v2\/media?parent=715"}],"curies":[{"name":"wp","href":"https:\/\/api.w.org\/{rel}","templated":true}]}}