{"id":78,"date":"2024-12-28T21:51:14","date_gmt":"2024-12-28T20:51:14","guid":{"rendered":"https:\/\/colscitech.edilf.eu\/?page_id=78"},"modified":"2024-12-30T15:03:08","modified_gmt":"2024-12-30T14:03:08","slug":"inscription","status":"publish","type":"page","link":"https:\/\/colscitech.edilf.eu\/index.php\/inscription\/","title":{"rendered":"Inscription"},"content":{"rendered":"<p>L&rsquo;inscription \u00e0 l&rsquo;atelier vous permet de participer et suivre les communications sans en faire une.<\/p>\n<p>Si vous voulez faire une communication, il vous suffit d&rsquo;envoyer votre r\u00e9sum\u00e9 ici.<\/p>\n<p>Ce formulaire d\u2019inscription est r\u00e9serv\u00e9 \u00e0 ceux qui veulent suivre les \u00e9changes sans y interagir.<\/p>\n","protected":false},"excerpt":{"rendered":"<p>L&rsquo;inscription \u00e0 l&rsquo;atelier vous permet de participer et suivre les communications sans en faire une. Si vous voulez faire une communication, il vous suffit d&rsquo;envoyer votre r\u00e9sum\u00e9 ici. Ce formulaire d\u2019inscription est r\u00e9serv\u00e9 \u00e0 ceux qui veulent suivre les \u00e9changes [&#8230;]<\/p>\n","protected":false},"author":1,"featured_media":0,"parent":0,"menu_order":0,"comment_status":"closed","ping_status":"closed","template":"","meta":{"footnotes":""},"class_list":["post-78","page","type-page","status-publish","hentry"],"_links":{"self":[{"href":"https:\/\/colscitech.edilf.eu\/index.php\/wp-json\/wp\/v2\/pages\/78","targetHints":{"allow":["GET"]}}],"collection":[{"href":"https:\/\/colscitech.edilf.eu\/index.php\/wp-json\/wp\/v2\/pages"}],"about":[{"href":"https:\/\/colscitech.edilf.eu\/index.php\/wp-json\/wp\/v2\/types\/page"}],"author":[{"embeddable":true,"href":"https:\/\/colscitech.edilf.eu\/index.php\/wp-json\/wp\/v2\/users\/1"}],"replies":[{"embeddable":true,"href":"https:\/\/colscitech.edilf.eu\/index.php\/wp-json\/wp\/v2\/comments?post=78"}],"version-history":[{"count":4,"href":"https:\/\/colscitech.edilf.eu\/index.php\/wp-json\/wp\/v2\/pages\/78\/revisions"}],"predecessor-version":[{"id":157,"href":"https:\/\/colscitech.edilf.eu\/index.php\/wp-json\/wp\/v2\/pages\/78\/revisions\/157"}],"wp:attachment":[{"href":"https:\/\/colscitech.edilf.eu\/index.php\/wp-json\/wp\/v2\/media?parent=78"}],"curies":[{"name":"wp","href":"https:\/\/api.w.org\/{rel}","templated":true}]}}